{"id":2446,"date":"2025-05-13T11:21:52","date_gmt":"2025-05-13T09:21:52","guid":{"rendered":"https:\/\/la-salamandre.org\/?page_id=2446"},"modified":"2025-05-13T11:26:25","modified_gmt":"2025-05-13T09:26:25","slug":"festival-off-avignon-2025","status":"publish","type":"page","link":"https:\/\/la-salamandre.org\/index.php\/festival-off-avignon-2025\/","title":{"rendered":"Festival Off Avignon 2025"},"content":{"rendered":"\t\t<div data-elementor-type=\"wp-page\" data-elementor-id=\"2446\" class=\"elementor elementor-2446\">\n\t\t\t\t\t\t<section class=\"elementor-section elementor-top-section elementor-element elementor-element-c089bf1 elementor-section-stretched elementor-section-boxed elementor-section-height-default elementor-section-height-default\" data-id=\"c089bf1\" data-element_type=\"section\" data-e-type=\"section\" data-settings=\"{&quot;stretch_section&quot;:&quot;section-stretched&quot;}\">\n\t\t\t\t\t\t<div class=\"elementor-container elementor-column-gap-default\">\n\t\t\t\t\t<div class=\"elementor-column elementor-col-100 elementor-top-column elementor-element elementor-element-8d6f7a6\" data-id=\"8d6f7a6\" data-element_type=\"column\" data-e-type=\"column\">\n\t\t\t<div class=\"elementor-widget-wrap elementor-element-populated\">\n\t\t\t\t\t\t<div class=\"elementor-element elementor-element-82f6997 elementor-widget__width-initial elementor-widget elementor-widget-image\" data-id=\"82f6997\" data-element_type=\"widget\" data-e-type=\"widget\" data-widget_type=\"image.default\">\n\t\t\t\t<div class=\"elementor-widget-container\">\n\t\t\t\t\t\t\t\t\t\t\t\t\t\t\t<img fetchpriority=\"high\" decoding=\"async\" width=\"1897\" height=\"646\" src=\"https:\/\/la-salamandre.org\/wp-content\/uploads\/2024\/01\/revez.png\" class=\"attachment-full size-full wp-image-1877\" alt=\"\" srcset=\"https:\/\/la-salamandre.org\/wp-content\/uploads\/2024\/01\/revez.png 1897w, https:\/\/la-salamandre.org\/wp-content\/uploads\/2024\/01\/revez-300x102.png 300w, https:\/\/la-salamandre.org\/wp-content\/uploads\/2024\/01\/revez-1024x349.png 1024w, https:\/\/la-salamandre.org\/wp-content\/uploads\/2024\/01\/revez-768x262.png 768w, https:\/\/la-salamandre.org\/wp-content\/uploads\/2024\/01\/revez-1536x523.png 1536w\" sizes=\"(max-width: 1897px) 100vw, 1897px\" \/>\t\t\t\t\t\t\t\t\t\t\t\t\t\t\t<\/div>\n\t\t\t\t<\/div>\n\t\t\t\t\t<\/div>\n\t\t<\/div>\n\t\t\t\t\t<\/div>\n\t\t<\/section>\n\t\t\t\t<section class=\"elementor-section elementor-top-section elementor-element elementor-element-136ef45 elementor-section-stretched elementor-section-boxed elementor-section-height-default elementor-section-height-default\" data-id=\"136ef45\" data-element_type=\"section\" data-e-type=\"section\" data-settings=\"{&quot;stretch_section&quot;:&quot;section-stretched&quot;}\">\n\t\t\t\t\t\t<div class=\"elementor-container elementor-column-gap-default\">\n\t\t\t\t\t<div class=\"elementor-column elementor-col-50 elementor-top-column elementor-element elementor-element-2da382d\" data-id=\"2da382d\" data-element_type=\"column\" data-e-type=\"column\">\n\t\t\t<div class=\"elementor-widget-wrap elementor-element-populated\">\n\t\t\t\t\t\t<div class=\"elementor-element elementor-element-cff139e elementor-widget elementor-widget-text-editor\" data-id=\"cff139e\" data-element_type=\"widget\" data-e-type=\"widget\" data-widget_type=\"text-editor.default\">\n\t\t\t\t<div class=\"elementor-widget-container\">\n\t\t\t\t\t\t\t\t\t<h4>\u00a0<\/h4><h4>La 59\u00e8me \u00e9dition du Festival Off Avignon aura lieu du 5 au 26 juillet 2024.<\/h4><h4>3 semaines de d\u00e9couvertes culturelles !<\/h4><h4>Retrouvez ici une s\u00e9lection de spectacles qui y seront pr\u00e9sent\u00e9s par les artistes amis de La Salamandre !<\/h4><p>Site officiel du Off :\u00a0<a href=\"https:\/\/www.festivaloffavignon.com\/\" target=\"_blank\" rel=\"noopener\">https:\/\/www.festivaloffavignon.com\/<\/a><\/p>\t\t\t\t\t\t\t\t<\/div>\n\t\t\t\t<\/div>\n\t\t\t\t\t<\/div>\n\t\t<\/div>\n\t\t\t\t<div class=\"elementor-column elementor-col-50 elementor-top-column elementor-element elementor-element-f4a69c2\" data-id=\"f4a69c2\" data-element_type=\"column\" data-e-type=\"column\">\n\t\t\t<div class=\"elementor-widget-wrap elementor-element-populated\">\n\t\t\t\t\t\t<div class=\"elementor-element elementor-element-ff87bb8 elementor-widget elementor-widget-image\" data-id=\"ff87bb8\" data-element_type=\"widget\" data-e-type=\"widget\" data-widget_type=\"image.default\">\n\t\t\t\t<div class=\"elementor-widget-container\">\n\t\t\t\t\t\t\t\t\t\t\t\t<figure class=\"wp-caption\">\n\t\t\t\t\t\t\t\t\t\t<img decoding=\"async\" width=\"207\" height=\"300\" src=\"https:\/\/la-salamandre.org\/wp-content\/uploads\/2025\/05\/Affiche-Off-2025-207x300.png\" class=\"attachment-medium size-medium wp-image-2439\" alt=\"\" srcset=\"https:\/\/la-salamandre.org\/wp-content\/uploads\/2025\/05\/Affiche-Off-2025-207x300.png 207w, https:\/\/la-salamandre.org\/wp-content\/uploads\/2025\/05\/Affiche-Off-2025.png 469w\" sizes=\"(max-width: 207px) 100vw, 207px\" \/>\t\t\t\t\t\t\t\t\t\t\t<figcaption class=\"widget-image-caption wp-caption-text\">Affiche officielle de la 58\u00e8me \u00e9dition du festival off avignon<\/figcaption>\n\t\t\t\t\t\t\t\t\t\t<\/figure>\n\t\t\t\t\t\t\t\t\t<\/div>\n\t\t\t\t<\/div>\n\t\t\t\t\t<\/div>\n\t\t<\/div>\n\t\t\t\t\t<\/div>\n\t\t<\/section>\n\t\t\t\t<section class=\"elementor-section elementor-top-section elementor-element elementor-element-37e8276 elementor-section-stretched elementor-section-boxed elementor-section-height-default elementor-section-height-default\" data-id=\"37e8276\" data-element_type=\"section\" data-e-type=\"section\" data-settings=\"{&quot;stretch_section&quot;:&quot;section-stretched&quot;}\">\n\t\t\t\t\t\t<div class=\"elementor-container elementor-column-gap-default\">\n\t\t\t\t\t<div class=\"elementor-column elementor-col-100 elementor-top-column elementor-element elementor-element-801d72a\" data-id=\"801d72a\" data-element_type=\"column\" data-e-type=\"column\">\n\t\t\t<div class=\"elementor-widget-wrap elementor-element-populated\">\n\t\t\t\t\t\t<div class=\"elementor-element elementor-element-60edc16 elementor-widget elementor-widget-spacer\" data-id=\"60edc16\" data-element_type=\"widget\" data-e-type=\"widget\" data-widget_type=\"spacer.default\">\n\t\t\t\t<div class=\"elementor-widget-container\">\n\t\t\t\t\t\t\t<div class=\"elementor-spacer\">\n\t\t\t<div class=\"elementor-spacer-inner\"><\/div>\n\t\t<\/div>\n\t\t\t\t\t\t<\/div>\n\t\t\t\t<\/div>\n\t\t\t\t\t<\/div>\n\t\t<\/div>\n\t\t\t\t\t<\/div>\n\t\t<\/section>\n\t\t\t\t<section class=\"elementor-section elementor-top-section elementor-element elementor-element-8300924 elementor-section-stretched elementor-section-boxed elementor-section-height-default elementor-section-height-default\" data-id=\"8300924\" data-element_type=\"section\" data-e-type=\"section\" data-settings=\"{&quot;stretch_section&quot;:&quot;section-stretched&quot;}\">\n\t\t\t\t\t\t<div class=\"elementor-container elementor-column-gap-default\">\n\t\t\t\t\t<div class=\"elementor-column elementor-col-100 elementor-top-column elementor-element elementor-element-a602e48\" data-id=\"a602e48\" data-element_type=\"column\" data-e-type=\"column\">\n\t\t\t<div class=\"elementor-widget-wrap elementor-element-populated\">\n\t\t\t\t\t\t<div class=\"elementor-element elementor-element-60084dc elementor-widget elementor-widget-image\" data-id=\"60084dc\" data-element_type=\"widget\" data-e-type=\"widget\" data-widget_type=\"image.default\">\n\t\t\t\t<div class=\"elementor-widget-container\">\n\t\t\t\t\t\t\t\t\t\t\t\t\t\t\t<img decoding=\"async\" width=\"768\" height=\"1086\" src=\"https:\/\/la-salamandre.org\/wp-content\/uploads\/2025\/05\/PRESSE_POISON-768x1086.jpeg\" class=\"attachment-medium_large size-medium_large wp-image-2456\" alt=\"\" srcset=\"https:\/\/la-salamandre.org\/wp-content\/uploads\/2025\/05\/PRESSE_POISON-768x1086.jpeg 768w, https:\/\/la-salamandre.org\/wp-content\/uploads\/2025\/05\/PRESSE_POISON-212x300.jpeg 212w, https:\/\/la-salamandre.org\/wp-content\/uploads\/2025\/05\/PRESSE_POISON-724x1024.jpeg 724w, https:\/\/la-salamandre.org\/wp-content\/uploads\/2025\/05\/PRESSE_POISON.jpeg 794w\" sizes=\"(max-width: 768px) 100vw, 768px\" \/>\t\t\t\t\t\t\t\t\t\t\t\t\t\t\t<\/div>\n\t\t\t\t<\/div>\n\t\t\t\t\t<\/div>\n\t\t<\/div>\n\t\t\t\t\t<\/div>\n\t\t<\/section>\n\t\t\t\t<section class=\"elementor-section elementor-top-section elementor-element elementor-element-2ef9a44 elementor-section-stretched elementor-section-boxed elementor-section-height-default elementor-section-height-default\" data-id=\"2ef9a44\" data-element_type=\"section\" data-e-type=\"section\" data-settings=\"{&quot;stretch_section&quot;:&quot;section-stretched&quot;}\">\n\t\t\t\t\t\t<div class=\"elementor-container elementor-column-gap-default\">\n\t\t\t\t\t<div class=\"elementor-column elementor-col-100 elementor-top-column elementor-element elementor-element-7dc41f3\" data-id=\"7dc41f3\" data-element_type=\"column\" data-e-type=\"column\">\n\t\t\t<div class=\"elementor-widget-wrap elementor-element-populated\">\n\t\t\t\t\t\t<div class=\"elementor-element elementor-element-c7412d0 elementor-widget elementor-widget-text-editor\" data-id=\"c7412d0\" data-element_type=\"widget\" data-e-type=\"widget\" data-widget_type=\"text-editor.default\">\n\t\t\t\t<div class=\"elementor-widget-container\">\n\t\t\t\t\t\t\t\t\t<p><em>Prix de la plus haute reconnaissance litt\u00e9raire n\u00e9erlandaise, adapt\u00e9 au cin\u00e9ma en 2024 avec Tim Roth.<\/em><\/p>\n<p>Un homme et une femme se retrouvent apr\u00e8s 5 ans de silence \u00e0 la suite de leur rupture dans un lieu insolite. Leur br\u00e8ve rencontre fait remonter une parole \u00e9touff\u00e9e dont on d\u00e9couvre progressivement l\u2019ampleur, celle d\u2019un pass\u00e9 douloureux.<\/p>\n<p>Entre la tension et la complicit\u00e9 qui les unit, \u00e9clate ce qui n\u2019a jamais pu s&rsquo;exprimer, leur rappelant l\u2019intimit\u00e9 pr\u00e9cieuse qu\u2019ils partageaient autrefois.<\/p>\n<p>Leurs retrouvailles ne sont peut-\u00eatre pas si fortuites que \u00e7a\u2026<\/p>\n<p>Du 5 au 26 juillet 2025, 13H15<\/p><p>Th\u00e9\u00e2tre des Barriques, 8 rue Ledru Rollin, 84000 Avignon<\/p>\n<p><\/p>\t\t\t\t\t\t\t\t<\/div>\n\t\t\t\t<\/div>\n\t\t\t\t\t<\/div>\n\t\t<\/div>\n\t\t\t\t\t<\/div>\n\t\t<\/section>\n\t\t\t\t<\/div>\n\t\t","protected":false},"excerpt":{"rendered":"<p>\u00a0 La 59\u00e8me \u00e9dition du Festival Off Avignon aura lieu du 5 au 26 juillet 2024. 3 semaines de d\u00e9couvertes culturelles ! Retrouvez ici une s\u00e9lection de spectacles qui y seront pr\u00e9sent\u00e9s par les artistes amis de La Salamandre ! Site officiel du Off :\u00a0https:\/\/www.festivaloffavignon.com\/ Affiche officielle de la 58\u00e8me \u00e9dition du festival off avignon [&hellip;]<\/p>\n","protected":false},"author":1,"featured_media":0,"parent":0,"menu_order":0,"comment_status":"closed","ping_status":"closed","template":"","meta":{"footnotes":""},"class_list":["post-2446","page","type-page","status-publish","hentry"],"jetpack_sharing_enabled":true,"_links":{"self":[{"href":"https:\/\/la-salamandre.org\/index.php\/wp-json\/wp\/v2\/pages\/2446","targetHints":{"allow":["GET"]}}],"collection":[{"href":"https:\/\/la-salamandre.org\/index.php\/wp-json\/wp\/v2\/pages"}],"about":[{"href":"https:\/\/la-salamandre.org\/index.php\/wp-json\/wp\/v2\/types\/page"}],"author":[{"embeddable":true,"href":"https:\/\/la-salamandre.org\/index.php\/wp-json\/wp\/v2\/users\/1"}],"replies":[{"embeddable":true,"href":"https:\/\/la-salamandre.org\/index.php\/wp-json\/wp\/v2\/comments?post=2446"}],"version-history":[{"count":8,"href":"https:\/\/la-salamandre.org\/index.php\/wp-json\/wp\/v2\/pages\/2446\/revisions"}],"predecessor-version":[{"id":2459,"href":"https:\/\/la-salamandre.org\/index.php\/wp-json\/wp\/v2\/pages\/2446\/revisions\/2459"}],"wp:attachment":[{"href":"https:\/\/la-salamandre.org\/index.php\/wp-json\/wp\/v2\/media?parent=2446"}],"curies":[{"name":"wp","href":"https:\/\/api.w.org\/{rel}","templated":true}]}}